 9. Determine j(-1).
-11
Let q(b) = -b**3 - b**2 + 8*b + 53. What is q(4)?
5
Let j(c) = 2501*c**2 - 6*c + 2. Give j(0).
2
Let u(x) = -x**3 - 6*x**2 + 2*x - 8. Give u(-7).
27
Let t(w) = w**3 + 18*w**2 - 19*w - 33. Determine t(-19).
-33
Let x(a) = a**3 + 15*a**2 - 76*a + 7. What is x(-19)?
7
Let l(o) = -3*o**2 - 123*o - 16. Give l(-41).
-16
Let r(i) = -2*i**2 - 31*i - 11. Determine r(-17).
-62
Let j(x) = -2*x**2 + 14*x + 46. Determine j(12).
-74
Let n(y) = -y**3 - 10*y**2 - 16*y. Calculate n(-8).
0
Let n(a) = -454*a - 4078. What is n(-9)?
8
Let c(n) = -4*n**2 + 13*n + 160. Give c(-11).
-467
Let z(s) = -55*s - 779. What is z(-14)?
-9
Let x(m) = -m**3 + 20*m**2 + 41*m - 57. Determine x(22).
-123
Let y(c) = 4*c**3 + 64*c**2 + 3*c + 16. What is y(-16)?
-32
Let k(i) = i**2 - 101*i - 765. Give k(-7).
-9
Let i(f) = f**2 - 952*f - 11492. Determine i(-12).
76
Let y(j) = -j**3 - j**2 - 7*j - 103. Give y(-4).
-27
Let c(y) = -2*y + 9. Calculate c(-30).
69
Let r(m) = 3*m**2 + 2506*m - 12602. Calculate r(5).
3
Let y(p) = -p**3 + p**2 + 2*p - 7. What is y(2)?
-7
Let h(d) = -d**3 + 87*d**2 - 91*d + 460. Determine h(86).
30
Let s(n) = n**3 - 151*n**2 + 150*n. What is s(150)?
0
Let r(z) = -z**3 + 8*z**2 + 14*z + 20. Give r(10).
-40
Let z(s) = 567*s**2 - 6810*s + 4. Calculate z(12).
-68
Let g(s) = s**2 - 20*s - 1552. Calculate g(51).
29
Let n(x) = -69*x - 2779. What is n(-41)?
50
Let v(s) = -s**2 + 183*s - 7990. Give v(72).
2
Let q(x) = 36*x**2 - 12*x + 4. Calculate q(2).
124
Let l(t) = -119*t + 629. Give l(5).
34
Let c(z) = -28*z + 80. What is c(9)?
-172
Let r(d) = 194*d - 964. Give r(5).
6
Let c(t) = -2*t**2 - t + 104. Give c(8).
-32
Let y(h) = -95*h**2 - 2*h + 1. What is y(1)?
-96
Let d(c) = 96*c - 1369. Calculate d(24).
935
Let h(r) = -2*r**3 - r**2 - 9*r - 17. Determine h(-2).
13
Let y(z) = z**2 + 43*z - 144. Determine y(-23).
-604
Let g(f) = -29*f - 93. Determine g(-3).
-6
Let k(m) = 1634*m + 3264. Determine k(-2).
-4
Let j(c) = -c**3 + 7*c**2 - 20*c + 86. Calculate j(5).
36
Let x(o) = 7*o**2 - 10*o - 474. Calculate x(9).
3
Let m(t) = 101*t + 2833. Calculate m(-28).
5
Let k(s) = 314*s - 21973. What is k(70)?
7
Let z(a) = a**3 + a**2 - 56*a + 12. What is z(-8)?
12
Let u(h) = -477*h + 954. Give u(2).
0
Let z(s) = 2426*s + 2421. Give z(-1).
-5
Let b(i) = 2*i - 69. Give b(31).
-7
Let f(r) = r**3 + 103*r**2 - 5*r - 519. Determine f(-103).
-4
Let k(c) = c**3 + 8*c**2 - 48*c - 145. What is k(-11)?
20
Let y(o) = o**3 - 9*o**2 + 12*o. Calculate y(5).
-40
Let z(f) = 3*f**2 + 139*f + 79. Give z(-46).
33
Let i(t) = 2*t**3 - 7*t**2 + 9*t + 27. What is i(5)?
147
Let n(s) = -3*s - 51. What is n(13)?
-90
Let o(q) = -q**3 + 5*q**2 + 176*q - 877. What is o(5)?
3
Let s(v) = v + 3. Calculate s(-27).
-24
Let q(p) = 63*p**3 + 257*p**2 + 19*p + 3. Give q(-4).
7
Let x(l) = -1117*l - 1106. Calculate x(-1).
11
Let j(v) = -23*v**2 + 642*v - 5. Give j(28).
-61
Let v(b) = b**3 + 167*b**2 - 1402*b - 357. Determine v(-175).
-7
Let q(u) = 693*u - 86620. Determine q(125).
5
Let s(x) = x - 38. Give s(34).
-4
Let h(q) = 7*q**2 - 6*q + 6. Determine h(1).
7
Let m(q) = -6*q**2 - 271*q + 198. Calculate m(-46).
-32
Let r(u) = -36450*u - 182243. What is r(-5)?
7
Let q(p) = 10*p**3 - 141*p**2 + 11*p + 14. Calculate q(14).
-28
Let t(m) = 216*m + 13264. Determine t(-62).
-128
Let b(f) = -11*f - 129. Determine b(-9).
-30
Let w(x) = -35027*x + 210157. What is w(6)?
-5
Let b(l) = -l**2 + 19*l + 24. Give b(-3).
-42
Let g(j) = j**3 + 16*j**2 - 15*j - 6. Calculate g(-17).
-40
Let q(f) = 28*f + 195. Give q(-7).
-1
Let x(r) = -521*r - 10933. What is x(-21)?
8
Let b(c) = -2*c + 42. Determine b(8).
26
Let r(j) = -10*j - 81. Calculate r(-4).
-41
Let i(t) = 3*t**2 + 227*t - 1211. What is i(5)?
-1
Let n(p) = -2*p**3 - 2*p**2 + 9*p - 60. Determine n(-4).
0
Let a(u) = 2584*u + 82665. Give a(-32).
-23
Let y(u) = u - 19. What is y(21)?
2
Let q(x) = -x**3 + 21*x**2 - 6*x + 33. Give q(21).
-93
Let w(q) = q**3 - 7*q**2 + 97*q - 838. Calculate w(8).
2
Let r(n) = -50*n + 116. What is r(12)?
-484
Let l(v) = -2*v**2 - 129*v + 376. Determine l(3).
-29
Let a(b) = -b**2 + 60*b - 602. Calculate a(13).
9
Let z(d) = d**2 + 11*d - 61. Determine z(-26).
329
Let h(j) = -2*j**2 - 54*j - 222. Determine h(-20).
58
Let n(j) = j**2 - 30*j + 50. What is n(20)?
-150
Let n(a) = -24*a - 991. Calculate n(-41).
-7
Let l(f) = 5*f**2 - 302*f + 4609. What is l(30)?
49
Let y(j) = 9*j**2 - 598*j + 830. Determine y(65).
-15
Let j(r) = -2*r**2 - 7*r + 14. What is j(-12)?
-190
Let m(i) = -12*i**3 + 166*i**2 + 27*i + 24. Give m(14).
10
Let r(s) = 45*s + 34. What is r(-1)?
-11
Let z(a) = 76*a + 1185. Determine z(-18).
-183
Let g(x) = 737*x - 33901. Calculate g(46).
1
Let h(m) = 15*m**3 + 3*m**2 + 7*m - 10. What is h(1)?
15
Let h(j) = -j**3 - 10*j**2 - 23*j - 16. What is h(-4)?
-20
Let q(j) = 37*j**2 + 307*j + 304. What is q(-1)?
34
Let a(k) = 3*k**2 + 65*k + 244. Determine a(-5).
-6
Let d(s) = 216*s - 14. Calculate d(0).
-14
Let q(u) = 48*u + 358. Calculate q(-6).
70
Let d(f) = 2*f**2 - 14*f + 29. Calculate d(7).
29
Let x(i) = -2517*i + 12594. Give x(5).
9
Let w(n) = -83*n + 1743. Determine w(21).
0
Let d(b) = b**3 + 84*b**2 - 141*b - 4777. Determine d(-85).
-17
Let q(g) = -2*g**3 + 52*g**2 - 85*g - 273. Determine q(24).
-9
Let u(p) = p**3 + 3*p**2 - 30*p - 98. Calculate u(-6).
-26
Let m(q) = -q**3 + 2*q**2 + 26*q + 24. Determine m(7).
-39
Let a(p) = -20*p - 721. Calculate a(-36).
-1
Let k(j) = -j**3 + 50*j**2 - 86*j + 16. Determine k(48).
496
Let y(n) = -10*n**2 - 416*n + 417. Calculate y(1).
-9
Let m(d) = d**3 + 34*d**2 + 45*d + 412. Give m(-33).
16
Let a(v) = -12*v - 215. Determine a(-18).
1
Let h(u) = -70*u - 559. Determine h(-14).
421
Let o(u) = u**3 - 11*u**2 + 25*u - 72. Calculate o(9).
-9
Let r(g) = 6*g**3 - 31*g**2 - 28*g - 32. Give r(6).
-20
Let x(t) = -t**2 + 65*t + 5. Calculate x(0).
5
Let o(d) = 71*d**2 - 219*d + 10. Determine o(3).
-8
Let f(a) = 2*a**2 + 225*a + 3831. What is f(-21)?
-12
Let v(c) = -c**3 + 4*c**2 + 5*c - 6. Determine v(1).
2
Let m(k) = -6*k**3 - 74*k**2 - 205*k + 17. Give m(-8).
-7
Let b(a) = -2*a**2 + 478*a - 2334. Give b(234).
6
Let t(r) = r**2 + 11*r - 16. Determine t(-8).
-40
Let r(z) = 2*z**2 + 319*z + 3412. Give r(-148).
8
Let m(u) = -2*u**2 + 67*u + 582. Give m(44).
-342
Let f(g) = 40*g**3 - 2*g - 9. Give f(-2).
-325
Let j(f) = 2*f**3 + 35*f**2 - 124*f - 56. Determine j(-21).
-539
Let k(z) = -5*z**2 + 56*z - 14. Give k(11).
-3
Let s(c) = -55*c**2 - 164*c. What is s(-3)?
-3
Let n(k) = -2*k**3 + 20*k**2 + 10*k + 4. Give n(10).
104
Let j(d) = -d**2 - 32*d - 266. Calculate j(-7).
-91
Let v(u) = u**2 - 118*u - 605. Calculate v(-5).
10
Let m(l) = -l**3 + 27*l**2 + 28*l + 6. Calculate m(28).
6
Let x(a) = -42*a + 1749. Determine x(42).
-15
Let p(a) = -a**2 + 10*a - 12. What is p(-11)?
-243
Let v(c) = 49*c**2 + 3525*c - 208. Calculate v(-72).
8
Let x(v) = v**3 - 13*v + 26. What is x(6)?
164
Let d(m) = -m**3 - 52*m**2 - 151*m - 60. Calculate d(-49).
136
Let l(v) = 4*v**2 + 483*v + 14505. Give l(-56).
1
Let o(g) = g**3 + 86*g**2 - 73*g + 1214. What is o(-87)?
-4
Let f(g) = -14*g + 766. What is f(55)?
-4
Let q(k) = -13*k**2 + 22*k - 3. Determine q(2).
-11
Let t(x) = x**3 + 15*x**2 + 13*x + 13. Give t(-14).
27
Let z(n) = -37*n**2 - 475*n + 56. Calculate z(-13).
-22
Let d(m) = -8*m**2 + 28*m + 32. Determine d(6).
-88
Let v(d) = d**3 + 53*d**2 + 374*d + 121. Give v(-8).
9
Let w(z) = 8*z**2 + 44*z + 27. Calculate w(-5).
7
Let g(v) = -v**3 + 45*v - 84. Give g(2).
-2
Let l(u) = 5743*u + 321611. What is l(-56)?
3
Let o(r) = -46*r - 269. Determine o(-4).
-85
Let x(j) = -3921*j - 11773. Give x(-3).
-10
Let k(d) = -d**3 + 8*d**2 - 25*d + 27. Determine k(3).
-3
Let y(u) = 11*u**2 - 350*u + 35. Determine y(32).
99
Let h(l) = -711*l + 24918. Determine h(35).
33
Let k(h) = 42*h - 3382. Give k(81).
20
Let r(x) = -7*x**2 - 242*x - 149. What is r(-34)?
-13
Let y(d) = -d**3 + 88*d**2 - 99*d + 1461. Calculate y(87).
417
Let z(l) = -l**3 + 35*l**2 - 325*l - 3. Calculate z(16).
-339
Let d(z) = 9*z - 423. What is d(58)?
99
Let r(j) = 13*j + 327. Give r(-16).
119
Let s(g) = 3*g**2 - 6*g - 65. Calculate s(6).
7
Let n(d) = d**3 - 30*d**2 + 18*d - 447. Determine n(30).
93
Let c(o) = -4*o**2 - 9*o + 17. Determine c(-11).
-368
Let q(h) = -h + 136. Giv